{"id":26,"date":"2025-12-11T10:11:55","date_gmt":"2025-12-11T10:11:55","guid":{"rendered":"https:\/\/horst-woick-archiv.de\/?page_id=26"},"modified":"2025-12-15T09:10:38","modified_gmt":"2025-12-15T09:10:38","slug":"der-burgberg","status":"publish","type":"page","link":"https:\/\/horst-woick-archiv.de\/?page_id=26","title":{"rendered":"Die Harzburg"},"content":{"rendered":"\n<h2 class=\"wp-block-heading\">Der Berg und die Burg<\/h2>\n\n\n<ul class=\"wp-block-latest-posts__list is-grid columns-3 wp-block-latest-posts\"><li><div class=\"wp-block-latest-posts__featured-image\"><a href=\"https:\/\/horst-woick-archiv.de\/?p=208\" aria-label=\"Die Geschichte der Harzsagenhalle\"><img loading=\"lazy\" decoding=\"async\" width=\"300\" height=\"236\" src=\"https:\/\/horst-woick-archiv.de\/wp-content\/uploads\/2025\/12\/harzsagen_thumbnail-300x236.jpg\" class=\"attachment-medium size-medium wp-post-image\" alt=\"\" style=\"\" srcset=\"https:\/\/horst-woick-archiv.de\/wp-content\/uploads\/2025\/12\/harzsagen_thumbnail-300x236.jpg 300w, https:\/\/horst-woick-archiv.de\/wp-content\/uploads\/2025\/12\/harzsagen_thumbnail-1024x805.jpg 1024w, https:\/\/horst-woick-archiv.de\/wp-content\/uploads\/2025\/12\/harzsagen_thumbnail-768x603.jpg 768w, https:\/\/horst-woick-archiv.de\/wp-content\/uploads\/2025\/12\/harzsagen_thumbnail-1536x1207.jpg 1536w, https:\/\/horst-woick-archiv.de\/wp-content\/uploads\/2025\/12\/harzsagen_thumbnail-2048x1609.jpg 2048w\" sizes=\"auto, (max-width: 300px) 100vw, 300px\" \/><\/a><\/div><a class=\"wp-block-latest-posts__post-title\" href=\"https:\/\/horst-woick-archiv.de\/?p=208\">Die Geschichte der Harzsagenhalle<\/a><div class=\"wp-block-latest-posts__post-excerpt\">Sagenhaftes um die Harzer Sagen<\/div><\/li>\n<li><div class=\"wp-block-latest-posts__featured-image\"><a href=\"https:\/\/horst-woick-archiv.de\/?p=205\" aria-label=\"Der Bad Harzburger Drei-Burgen-Weg\"><img loading=\"lazy\" decoding=\"async\" width=\"300\" height=\"209\" src=\"https:\/\/horst-woick-archiv.de\/wp-content\/uploads\/2025\/12\/drei-burgen-weg-300x209.jpg\" class=\"attachment-medium size-medium wp-post-image\" alt=\"\" style=\"\" srcset=\"https:\/\/horst-woick-archiv.de\/wp-content\/uploads\/2025\/12\/drei-burgen-weg-300x209.jpg 300w, https:\/\/horst-woick-archiv.de\/wp-content\/uploads\/2025\/12\/drei-burgen-weg-1024x714.jpg 1024w, https:\/\/horst-woick-archiv.de\/wp-content\/uploads\/2025\/12\/drei-burgen-weg-768x536.jpg 768w, https:\/\/horst-woick-archiv.de\/wp-content\/uploads\/2025\/12\/drei-burgen-weg.jpg 1062w\" sizes=\"auto, (max-width: 300px) 100vw, 300px\" \/><\/a><\/div><a class=\"wp-block-latest-posts__post-title\" href=\"https:\/\/horst-woick-archiv.de\/?p=205\">Der Bad Harzburger Drei-Burgen-Weg<\/a><div class=\"wp-block-latest-posts__post-excerpt\">Guter Wegbegleiter Nicht allein zahllose Artikel, Vortr\u00e4ge und Pr\u00e4sentationen hat Horst Woick verfasst. Auch als Buchautor ist er in Erscheinung getreten. In der B\u00dcCHER-HEIMAT ist<\/div><\/li>\n<li><div class=\"wp-block-latest-posts__featured-image\"><a href=\"https:\/\/horst-woick-archiv.de\/?p=74\" aria-label=\"Der Burgbrunnen auf der Harzburg\"><img loading=\"lazy\" decoding=\"async\" width=\"300\" height=\"192\" src=\"https:\/\/horst-woick-archiv.de\/wp-content\/uploads\/2025\/12\/Bild1-300x192.jpg\" class=\"attachment-medium size-medium wp-post-image\" alt=\"\" style=\"\" srcset=\"https:\/\/horst-woick-archiv.de\/wp-content\/uploads\/2025\/12\/Bild1-300x192.jpg 300w, https:\/\/horst-woick-archiv.de\/wp-content\/uploads\/2025\/12\/Bild1-1024x654.jpg 1024w, https:\/\/horst-woick-archiv.de\/wp-content\/uploads\/2025\/12\/Bild1-768x490.jpg 768w, https:\/\/horst-woick-archiv.de\/wp-content\/uploads\/2025\/12\/Bild1-1536x981.jpg 1536w, https:\/\/horst-woick-archiv.de\/wp-content\/uploads\/2025\/12\/Bild1.jpg 1989w\" sizes=\"auto, (max-width: 300px) 100vw, 300px\" \/><\/a><\/div><a class=\"wp-block-latest-posts__post-title\" href=\"https:\/\/horst-woick-archiv.de\/?p=74\">Der Burgbrunnen auf der Harzburg<\/a><div class=\"wp-block-latest-posts__post-excerpt\">Die Geheimnisse des Burgbrunnens auf der HARZBURG Der Burgbrunnen auf dem Gr. Burgberg in Bad Harzburg birgt so einige Geheimnisse. Wann und wie wurde dieser<\/div><\/li>\n<li><div class=\"wp-block-latest-posts__featured-image\"><a href=\"https:\/\/horst-woick-archiv.de\/?p=71\" aria-label=\"Krodo und die Akademie der K\u00fcnste\"><img loading=\"lazy\" decoding=\"async\" width=\"300\" height=\"238\" src=\"https:\/\/horst-woick-archiv.de\/wp-content\/uploads\/2025\/12\/Bild3-1-300x238.jpg\" class=\"attachment-medium size-medium wp-post-image\" alt=\"\" style=\"\" srcset=\"https:\/\/horst-woick-archiv.de\/wp-content\/uploads\/2025\/12\/Bild3-1-300x238.jpg 300w, https:\/\/horst-woick-archiv.de\/wp-content\/uploads\/2025\/12\/Bild3-1.jpg 473w\" sizes=\"auto, (max-width: 300px) 100vw, 300px\" \/><\/a><\/div><a class=\"wp-block-latest-posts__post-title\" href=\"https:\/\/horst-woick-archiv.de\/?p=71\">Krodo und die Akademie der K\u00fcnste<\/a><div class=\"wp-block-latest-posts__post-excerpt\">Krodo und die Akademie der K\u00fcnste in Berlin Unmittelbar zwischen dem Brandenburger Tor und dem Hotel Adlon befindet sich die bereits im Jahr 1696 gegr\u00fcndete<\/div><\/li>\n<li><div class=\"wp-block-latest-posts__featured-image\"><a href=\"https:\/\/horst-woick-archiv.de\/?p=64\" aria-label=\"Der Burgbrunnen auf der Harzburg\"><img loading=\"lazy\" decoding=\"async\" width=\"300\" height=\"217\" src=\"https:\/\/horst-woick-archiv.de\/wp-content\/uploads\/2025\/12\/brunnen_flucht-300x217.jpg\" class=\"attachment-medium size-medium wp-post-image\" alt=\"\" style=\"\" srcset=\"https:\/\/horst-woick-archiv.de\/wp-content\/uploads\/2025\/12\/brunnen_flucht-300x217.jpg 300w, https:\/\/horst-woick-archiv.de\/wp-content\/uploads\/2025\/12\/brunnen_flucht.jpg 720w\" sizes=\"auto, (max-width: 300px) 100vw, 300px\" \/><\/a><\/div><a class=\"wp-block-latest-posts__post-title\" href=\"https:\/\/horst-woick-archiv.de\/?p=64\">Der Burgbrunnen auf der Harzburg<\/a><div class=\"wp-block-latest-posts__post-excerpt\">Weniger Bewegtbild, daf\u00fcr um so mehr Wissen transportieren die Vortr\u00e4ge, die der seit dem 12. November 2025 nun 92-j\u00e4hrige Horst Woick geschaffen hat. Das Problem:<\/div><\/li>\n<li><div class=\"wp-block-latest-posts__featured-image\"><a href=\"https:\/\/horst-woick-archiv.de\/?p=53\" aria-label=\"Befahrung des Burgbrunnens 2006\"><img loading=\"lazy\" decoding=\"async\" width=\"300\" height=\"225\" src=\"https:\/\/horst-woick-archiv.de\/wp-content\/uploads\/2025\/12\/Befahrung-2006-Thumbnail-300x225.jpg\" class=\"attachment-medium size-medium wp-post-image\" alt=\"\" style=\"\" srcset=\"https:\/\/horst-woick-archiv.de\/wp-content\/uploads\/2025\/12\/Befahrung-2006-Thumbnail-300x225.jpg 300w, https:\/\/horst-woick-archiv.de\/wp-content\/uploads\/2025\/12\/Befahrung-2006-Thumbnail-1024x768.jpg 1024w, https:\/\/horst-woick-archiv.de\/wp-content\/uploads\/2025\/12\/Befahrung-2006-Thumbnail-768x576.jpg 768w, https:\/\/horst-woick-archiv.de\/wp-content\/uploads\/2025\/12\/Befahrung-2006-Thumbnail-1536x1152.jpg 1536w, https:\/\/horst-woick-archiv.de\/wp-content\/uploads\/2025\/12\/Befahrung-2006-Thumbnail-2048x1536.jpg 2048w\" sizes=\"auto, (max-width: 300px) 100vw, 300px\" \/><\/a><\/div><a class=\"wp-block-latest-posts__post-title\" href=\"https:\/\/horst-woick-archiv.de\/?p=53\">Befahrung des Burgbrunnens 2006<\/a><div class=\"wp-block-latest-posts__post-excerpt\">Befahrung des Burgbrunnens 2006<\/div><\/li>\n<\/ul>","protected":false},"excerpt":{"rendered":"<p>Der Berg und die Burg<\/p>\n","protected":false},"author":1,"featured_media":0,"parent":0,"menu_order":0,"comment_status":"closed","ping_status":"closed","template":"","meta":{"footnotes":""},"class_list":["post-26","page","type-page","status-publish","hentry"],"jetpack_sharing_enabled":true,"_links":{"self":[{"href":"https:\/\/horst-woick-archiv.de\/index.php?rest_route=\/wp\/v2\/pages\/26","targetHints":{"allow":["GET"]}}],"collection":[{"href":"https:\/\/horst-woick-archiv.de\/index.php?rest_route=\/wp\/v2\/pages"}],"about":[{"href":"https:\/\/horst-woick-archiv.de\/index.php?rest_route=\/wp\/v2\/types\/page"}],"author":[{"embeddable":true,"href":"https:\/\/horst-woick-archiv.de\/index.php?rest_route=\/wp\/v2\/users\/1"}],"replies":[{"embeddable":true,"href":"https:\/\/horst-woick-archiv.de\/index.php?rest_route=%2Fwp%2Fv2%2Fcomments&post=26"}],"version-history":[{"count":6,"href":"https:\/\/horst-woick-archiv.de\/index.php?rest_route=\/wp\/v2\/pages\/26\/revisions"}],"predecessor-version":[{"id":211,"href":"https:\/\/horst-woick-archiv.de\/index.php?rest_route=\/wp\/v2\/pages\/26\/revisions\/211"}],"wp:attachment":[{"href":"https:\/\/horst-woick-archiv.de\/index.php?rest_route=%2Fwp%2Fv2%2Fmedia&parent=26"}],"curies":[{"name":"wp","href":"https:\/\/api.w.org\/{rel}","templated":true}]}}

<h2 class="wp-block-heading">Der Berg und die Burg</h2>


<ul class="wp-block-latest-posts__list is-grid columns-3 wp-block-latest-posts"><li><div class="wp-block-latest-posts__featured-image"><a href="https://horst-woick-archiv.de/?p=208" aria-label="Die Geschichte der Harzsagenhalle"><img loading="lazy" decoding="async" width="300" height="236" src="https://horst-woick-archiv.de/wp-content/uploads/2025/12/harzsagen_thumbnail-300x236.jpg" class="attachment-medium size-medium wp-post-image" alt="" style="" srcset="https://horst-woick-archiv.de/wp-content/uploads/2025/12/harzsagen_thumbnail-300x236.jpg 300w, https://horst-woick-archiv.de/wp-content/uploads/2025/12/harzsagen_thumbnail-1024x805.jpg 1024w, https://horst-woick-archiv.de/wp-content/uploads/2025/12/harzsagen_thumbnail-768x603.jpg 768w, https://horst-woick-archiv.de/wp-content/uploads/2025/12/harzsagen_thumbnail-1536x1207.jpg 1536w, https://horst-woick-archiv.de/wp-content/uploads/2025/12/harzsagen_thumbnail-2048x1609.jpg 2048w" sizes="auto, (max-width: 300px) 100vw, 300px" /></a></div><a class="wp-block-latest-posts__post-title" href="https://horst-woick-archiv.de/?p=208">Die Geschichte der Harzsagenhalle</a><div class="wp-block-latest-posts__post-excerpt">Sagenhaftes um die Harzer Sagen</div></li>
<li><div class="wp-block-latest-posts__featured-image"><a href="https://horst-woick-archiv.de/?p=205" aria-label="Der Bad Harzburger Drei-Burgen-Weg"><img loading="lazy" decoding="async" width="300" height="209" src="https://horst-woick-archiv.de/wp-content/uploads/2025/12/drei-burgen-weg-300x209.jpg" class="attachment-medium size-medium wp-post-image" alt="" style="" srcset="https://horst-woick-archiv.de/wp-content/uploads/2025/12/drei-burgen-weg-300x209.jpg 300w, https://horst-woick-archiv.de/wp-content/uploads/2025/12/drei-burgen-weg-1024x714.jpg 1024w, https://horst-woick-archiv.de/wp-content/uploads/2025/12/drei-burgen-weg-768x536.jpg 768w, https://horst-woick-archiv.de/wp-content/uploads/2025/12/drei-burgen-weg.jpg 1062w" sizes="auto, (max-width: 300px) 100vw, 300px" /></a></div><a class="wp-block-latest-posts__post-title" href="https://horst-woick-archiv.de/?p=205">Der Bad Harzburger Drei-Burgen-Weg</a><div class="wp-block-latest-posts__post-excerpt">Guter Wegbegleiter Nicht allein zahllose Artikel, Vorträge und Präsentationen hat Horst Woick verfasst. Auch als Buchautor ist er in Erscheinung getreten. In der BÜCHER-HEIMAT ist</div></li>
<li><div class="wp-block-latest-posts__featured-image"><a href="https://horst-woick-archiv.de/?p=74" aria-label="Der Burgbrunnen auf der Harzburg"><img loading="lazy" decoding="async" width="300" height="192" src="https://horst-woick-archiv.de/wp-content/uploads/2025/12/Bild1-300x192.jpg" class="attachment-medium size-medium wp-post-image" alt="" style="" srcset="https://horst-woick-archiv.de/wp-content/uploads/2025/12/Bild1-300x192.jpg 300w, https://horst-woick-archiv.de/wp-content/uploads/2025/12/Bild1-1024x654.jpg 1024w, https://horst-woick-archiv.de/wp-content/uploads/2025/12/Bild1-768x490.jpg 768w, https://horst-woick-archiv.de/wp-content/uploads/2025/12/Bild1-1536x981.jpg 1536w, https://horst-woick-archiv.de/wp-content/uploads/2025/12/Bild1.jpg 1989w" sizes="auto, (max-width: 300px) 100vw, 300px" /></a></div><a class="wp-block-latest-posts__post-title" href="https://horst-woick-archiv.de/?p=74">Der Burgbrunnen auf der Harzburg</a><div class="wp-block-latest-posts__post-excerpt">Die Geheimnisse des Burgbrunnens auf der HARZBURG Der Burgbrunnen auf dem Gr. Burgberg in Bad Harzburg birgt so einige Geheimnisse. Wann und wie wurde dieser</div></li>
<li><div class="wp-block-latest-posts__featured-image"><a href="https://horst-woick-archiv.de/?p=71" aria-label="Krodo und die Akademie der Künste"><img loading="lazy" decoding="async" width="300" height="238" src="https://horst-woick-archiv.de/wp-content/uploads/2025/12/Bild3-1-300x238.jpg" class="attachment-medium size-medium wp-post-image" alt="" style="" srcset="https://horst-woick-archiv.de/wp-content/uploads/2025/12/Bild3-1-300x238.jpg 300w, https://horst-woick-archiv.de/wp-content/uploads/2025/12/Bild3-1.jpg 473w" sizes="auto, (max-width: 300px) 100vw, 300px" /></a></div><a class="wp-block-latest-posts__post-title" href="https://horst-woick-archiv.de/?p=71">Krodo und die Akademie der Künste</a><div class="wp-block-latest-posts__post-excerpt">Krodo und die Akademie der Künste in Berlin Unmittelbar zwischen dem Brandenburger Tor und dem Hotel Adlon befindet sich die bereits im Jahr 1696 gegründete</div></li>
<li><div class="wp-block-latest-posts__featured-image"><a href="https://horst-woick-archiv.de/?p=64" aria-label="Der Burgbrunnen auf der Harzburg"><img loading="lazy" decoding="async" width="300" height="217" src="https://horst-woick-archiv.de/wp-content/uploads/2025/12/brunnen_flucht-300x217.jpg" class="attachment-medium size-medium wp-post-image" alt="" style="" srcset="https://horst-woick-archiv.de/wp-content/uploads/2025/12/brunnen_flucht-300x217.jpg 300w, https://horst-woick-archiv.de/wp-content/uploads/2025/12/brunnen_flucht.jpg 720w" sizes="auto, (max-width: 300px) 100vw, 300px" /></a></div><a class="wp-block-latest-posts__post-title" href="https://horst-woick-archiv.de/?p=64">Der Burgbrunnen auf der Harzburg</a><div class="wp-block-latest-posts__post-excerpt">Weniger Bewegtbild, dafür um so mehr Wissen transportieren die Vorträge, die der seit dem 12. November 2025 nun 92-jährige Horst Woick geschaffen hat. Das Problem:</div></li>
<li><div class="wp-block-latest-posts__featured-image"><a href="https://horst-woick-archiv.de/?p=53" aria-label="Befahrung des Burgbrunnens 2006"><img loading="lazy" decoding="async" width="300" height="225" src="https://horst-woick-archiv.de/wp-content/uploads/2025/12/Befahrung-2006-Thumbnail-300x225.jpg" class="attachment-medium size-medium wp-post-image" alt="" style="" srcset="https://horst-woick-archiv.de/wp-content/uploads/2025/12/Befahrung-2006-Thumbnail-300x225.jpg 300w, https://horst-woick-archiv.de/wp-content/uploads/2025/12/Befahrung-2006-Thumbnail-1024x768.jpg 1024w, https://horst-woick-archiv.de/wp-content/uploads/2025/12/Befahrung-2006-Thumbnail-768x576.jpg 768w, https://horst-woick-archiv.de/wp-content/uploads/2025/12/Befahrung-2006-Thumbnail-1536x1152.jpg 1536w, https://horst-woick-archiv.de/wp-content/uploads/2025/12/Befahrung-2006-Thumbnail-2048x1536.jpg 2048w" sizes="auto, (max-width: 300px) 100vw, 300px" /></a></div><a class="wp-block-latest-posts__post-title" href="https://horst-woick-archiv.de/?p=53">Befahrung des Burgbrunnens 2006</a><div class="wp-block-latest-posts__post-excerpt">Befahrung des Burgbrunnens 2006</div></li>
</ul>
